1068
Let b(m) = 33*m**3 + 2183*m**2 + 341*m + 751. Give b(-66).
25
Let o(b) = 8530*b - 4068799. Determine o(477).
11
Let q(d) = -892*d + 14442. Determine q(16).
170
Let v(d) = 12992*d - 27764. Calculate v(2).
-1780
Let x(n) = -476*n**3 + 10*n**2 - 12*n - 22. Determine x(-1).
476
Let b(k) = 2*k**3 + 20*k**2 - 15103*k - 136126. Give b(-9).
-37
Let x(a) = -8507*a - 1003825. Determine x(-118).
1
Let g(l) = -3*l**2 - 99*l + 4344. Calculate g(38).
-3750
Let i(q) = q**3 - 30*q**2 - 95*q - 47. Give i(33).
85
Let y(f) = f**2 - 10682*f - 310597. What is y(-29)?
22
Let w(s) = -s**3 - 367*s**2 + 371*s + 1435. What is w(-368)?
331
Let m(j) = 3*j**3 + 83*j**2 - 4515*j - 371. What is m(-55)?
-96
Let i(b) = 40837*b + 12700311. Determine i(-311).
4
Let o(z) = -3*z**2 + 7113*z - 56937. What is o(8)?
-225
Let u(j) = j**2 + 85*j - 12548. Calculate u(78).
166
Let l(a) = -4666*a - 93310. What is l(-20)?
10
Let x(q) = -q**3 + 69*q**2 + 14547*q - 1184. Determine x(-91).
-1
Let n(r) = -r**2 - 4817*r - 81581. Determine n(-17).
19
Let l(n) = -2*n**3 + 132*n**2 - 164*n + 2156. Give l(65).
-54
Let n(k) = -10693*k - 96176. Calculate n(-9).
61
Let v(p) = -7*p**3 - 4*p**2 + 95*p + 666. Determine v(-6).
1464
Let f(d) = -5759*d + 241865. What is f(42)?
-13
Let r(w) = 373*w - 103780. What is r(279)?
287
Let j(k) = 14*k**2 + 246*k + 136. Give j(-17).
0
Let r(q) = -2141*q + 51368. Determine r(24).
-16
Let a(g) = 2*g**2 - 268*g + 5630. Give a(108).
14
Let f(c) = -c**3 - 57*c**2 + 467*c + 23619. Calculate f(-58).
-103
Let m(p) = 12*p**3 + 65*p**2 - 129*p + 2. Determine m(-7).
-26
Let y(b) = -b**3 - 23*b**2 + 53*b - 6. Give y(-24).
-702
Let t(v) = -v**3 + 206*v**2 + 1041*v + 3454. Give t(211).
500
Let a(k) = k**2 + 8159*k + 300502. Give a(-37).
-12
Let w(g) = 2*g**3 + 898*g**2 + 6187*g + 26. What is w(-7)?
33
Let f(d) = 83*d + 4521. Give f(-50).
371
Let m(p) = -282*p - 3076. Determine m(-17).
1718
Let u(i) = -2592*i + 13507. Determine u(5).
547
Let x(r) = 9*r**3 - r**2 + 2926*r + 5844. Give x(-2).
-84
Let v(n) = -n**3 + 66*n**2 + 13*n - 910. Give v(66).
-52
Let o(r) = -17520*r - 1611836. Determine o(-92).
4
Let v(n) = n**3 - 40*n**2 - 39*n + 265. Give v(41).
347
Let v(o) = -o**3 - 75*o**2 - 1077*o - 94775. Calculate v(-77).
12
Let r(g) = 10*g**2 + 178599*g + 357199. Determine r(-2).
41
Let a(c) = c**3 + 47*c**2 + 30*c + 270. Give a(-47).
-1140
Let z(v) = 147*v**3 + 30*v**2 - 50*v - 1. Determine z(2).
1195
Let i(m) = -m**2 - 266*m - 8192. Determine i(-39).
661
Let u(r) = -8*r**3 + 29*r**2 + 28*r + 13. What is u(6)?
-503
Let y(k) = -100*k**2 - 5996*k + 87. What is y(-60)?
-153
Let y(v) = v**3 + 25*v**2 - 119*v - 984. Give y(-28).
-4
Let j(y) = -117*y - 6932. What is j(-32)?
-3188
Let k(f) = -2*f**3 - 171*f**2 - 1235*f - 5092. Determine k(-78).
-22
Let v(a) = 473*a - 38956. What is v(79)?
-1589
Let u(c) = -c**3 + 445*c**2 - 4765*c + 40. Give u(11).
139
Let j(h) = 1385817*h - 27716339. Calculate j(20).
1
Let z(f) = -634*f - 36320. Calculate z(-54).
-2084
Let s(v) = 8*v**3 - 47*v**2 + 55*v + 21. What is s(4)?
1
Let i(g) = 25*g**3 - 113*g**2 + 735*g + 52. What is i(7)?
8235
Let v(o) = -7*o**3 - 68*o**2 + 36*o + 78. Give v(-11).
771
Let w(i) = 2*i**3 - 598*i**2 + 5747*i + 9540. What is w(289)?
3
Let i(b) = 104888*b + 9230148. What is i(-88)?
4
Let c(y) = 20162*y + 100816. Give c(-5).
6
Let j(p) = -13*p**2 - 352*p - 3026. Calculate j(-9).
-911
Let d(w) = -w**3 + 15*w**2 + 126*w + 17. Determine d(13).
1993
Let b(c) = -c**3 - 42*c**2 - 590*c - 2909. Determine b(-20).
91
Let p(y) = -212*y**3 - 1064*y**2 + 1008*y + 5141. Determine p(-5).
1
Let j(w) = 25*w**2 - 594*w - 904. Calculate j(25).
-129
Let d(j) = -35*j**3 - 142*j**2 - 4*j - 13. Calculate d(-4).
-29
Let f(h) = -59*h**2 + 202*h - 165. What is f(3)?
-90
Let r(p) = p**3 - 475*p**2 + 3764*p - 13070. Give r(467).
6
Let o(a) = -68*a**2 + 8571*a - 164. Calculate o(126).
214
Let c(s) = s**3 + 22*s**2 + 12700*s + 266260. Calculate c(-21).
1
Let g(h) = -h**3 - 17*h**2 - 391*h - 3277. What is g(-10)?
-67
Let h(k) = -9*k**3 - 2*k**2 + 24*k - 23. Give h(1).
-10
Let g(j) = 10*j**2 + 161*j - 46898. Calculate g(-77).
-5
Let a(i) = -i**3 + 260*i**2 - 1266*i - 2335. Give a(255).
-40
Let k(w) = -69*w**3 + 4*w**2 - 2944*w - 2949. Calculate k(-1).
68
Let c(y) = 15*y**2 - 139*y - 3837. Calculate c(-12).
-9
Let z(m) = 734*m - 3001. Determine z(4).
-65
Let a(c) = 626*c**3 + 3*c**2 - 7*c + 4. Determine a(1).
626
Let u(k) = 17*k**3 + 11*k**2 + 760*k + 1495. What is u(-2)?
-117
Let n(r) = -3453*r + 718219. What is n(208)?
-5
Let v(j) = 3*j**2 + 182*j - 313. Calculate v(2).
63
Let u(h) = h**2 + 26767*h + 882252. Calculate u(-33).
30
Let p(q) = -35888*q + 71750. Determine p(2).
-26
Let x(i) = -2*i**3 + 138*i**2 - 741*i - 92. Determine x(6).
-2
Let c(t) = t**3 + 54*t**2 + 67*t - 215. What is c(-51)?
4171
Let m(q) = 3*q**2 - 26437*q + 158546. What is m(6)?
32
Let z(v) = -69*v + 22845. Calculate z(334).
-201
Let v(z) = 5*z**2 + 115*z - 4949. What is v(-45)?
1
Let h(g) = -583*g - 262939. Calculate h(-451).
-6
Let c(j) = j**2 + 228*j - 21462. Determine c(-302).
886
Let d(n) = 2*n**2 - 10*n - 472. What is d(22)?
276
Let u(m) = -m**3 - 63*m**2 + 1668*m + 661. Calculate u(-83).
-3
Let j(m) = 2*m**2 - 506*m + 14771. Determine j(33).
251
Let a(d) = -2*d**2 + 467*d + 16273. Calculate a(-35).
-2522
Let d(s) = -378*s + 3385. Give d(14).
-1907
Let a(w) = 19*w**3 + 11*w**2 + 1584*w + 1584. What is a(-1)?
-8
Let r(j) = -11711*j + 925206. Determine r(79).
37
Let r(n) = -13*n**3 - 1356*n**2 - 394*n + 2241. What is r(-104)?
-47
Let g(b) = 7*b**3 - 4*b**2 + 8381*b + 41872. Give g(-5).
-1008
Let x(z) = 1154*z - 160460. Give x(139).
-54
Let t(f) = -203*f + 61440. Calculate t(302).
134
Let p(k) = -240231*k + 720705. What is p(3)?
12
Let u(f) = 2*f**2 - 948*f - 9515. Determine u(-10).
165
Let a(i) = 916*i + 228057. Calculate a(-249).
-27
Let d(y) = -412*y + 108345. Determine d(261).
813
Let a(d) = -d**2 + 803*d + 178111. Give a(-181).
7
Let y(t) = -1206*t**2 + 297*t + 12. Determine y(1).
-897
Let l(p) = -p**3 + 238*p**2 - 8671*p - 2704. Determine l(193).
-2
Let y(f) = -51*f**3 - 817*f**2 - 79*f + 65. Give y(-16).
1073
Let x(a) = 813*a - 11288. Give x(14).
94
Let q(s) = s**2 - 4359*s - 532886. Calculate q(-119).
-4
Let u(j) = -35*j - 4323. Calculate u(-136).
437
Let s(l) = 89*l**2 + 316*l - 217. Calculate s(-4).
-57
Let n(t) = -21*t**2 - 17*t + 3. Give n(0).
3
Let p(w) = 15*w**2 + 2814*w + 1732. Calculate p(-187).
49
Let a(z) = 106541*z - 106560. Calculate a(1).
-19
Let q(b) = 1196*b + 74147. Determine q(-62).
-5
Let q(v) = 20*v - 958. Calculate q(49).
22
Let n(r) = r**3 - 234*r**2 - 713*r + 471. Calculate n(237).
-3
Let h(j) = -j**2 - 339*j - 16370. Calculate h(-280).
150
Let c(k) = -614*k + 88735. Determine c(145).
-295
Let o(v) = 74*v - 2507. What is o(20)?
-1027
Let k(d) = d**3 - 9*d**2 - 135*d + 1245. Determine k(10).
-5
Let i(r) = 155*r + 25593. What is i(-166)?
-137
Let u(n) = -n**2 - 56*n + 6878. Give u(-113).
437
Let r(d) = -d**2 + 59903*d + 2277826. Calculate r(-38).
68
Let f(s) = -9007*s - 6665170. Determine f(-740).
10
Let i(g) = -g**3 - 114*g**2 - 2148*g + 228. Determine i(-24).
-60
Let s(l) = 1617*l + 1715. What is s(-1)?
98
Let x(i) = -279169*i - 3349963. What is x(-12)?
65
Let w(s) = -s**2 + 188*s - 2936. Give w(169).
275
Let k(p) = p**3 - 41*p**2 + 200*p + 2066. Calculate k(33).
-46
Let o(x) = -171*x - 563. What is o(-8)?
805
Let w(d) = -9779*d + 2405636. Give w(246).
2
Let s(c) = -c**3 - 226*c**2 + 237*c + 53287. Calculate s(-226).
-275
Let l(a) = -230*a**2 + 19492*a + 4914. Give l(85).
-16
Let o(c) = 423*c - 7646. Determine o(4).
-5954
Let f(h) = -2*h**3 + 122*h**2 + 14880*h + 217. Calculate f(122).
-271
Let d(o) = 4473*o - 2871674. Give d(642).
-8
Let s(z) = -z**3 - 9*z**2 + 30*z + 191. What is s(-4)?
-9
Let x(w) = -w**3 - 220*w - 1981. Determine x(-8).
291
Let b(w) = 256*w**3 - 9728*w**2 + 125*w - 4755. What is b(38)?
-5
Let j(x) = -10*x**2 - 161*x - 120. Calculate j(-19).
-671
Let i(v) = -84*v - 574. What is i(-16)?
770
Let s(c) = -10426*c**2 + 41711*c - 13. Give s(4).
15
Let c(u) = -2*u**2 + 32*u + 14491. Calculate c(94).
-173
Let f(j) = -387*j - 10458. Determine f(-28).
378
Let o(k) = k**3 + 281*k**2 - 1761*k - 3. Give o(6).
-237
Let h(v) = -v**3 - 52*v**2 - 11